 units digit of 937454709?
9
What is the hundred thousands digit of 7777635539?
6
What is the thousands digit of 26140353?
0
What is the millions digit of 142852083?
2
What is the units digit of 80957811?
1
What is the thousands digit of 911497685?
7
What is the thousands digit of 157428453?
8
What is the thousands digit of 976668156?
8
What is the units digit of 101425129?
9
What is the ten millions digit of 1667296829?
6
What is the ten thousands digit of 808815553?
1
What is the thousands digit of 5320820212?
0
What is the billions digit of 1511546285?
1
What is the thousands digit of 37029494?
9
What is the thousands digit of 176734437?
4
What is the tens digit of 2667315998?
9
What is the thousands digit of 651285693?
5
What is the millions digit of 92270191?
2
What is the millions digit of 183441255?
3
What is the ten millions digit of 945392047?
4
What is the hundred thousands digit of 97777606?
7
What is the hundred thousands digit of 1247928935?
9
What is the hundred thousands digit of 374383030?
3
What is the units digit of 266141879?
9
What is the millions digit of 4462655500?
2
What is the ten thousands digit of 6457533537?
3
What is the tens digit of 346553795?
9
What is the hundred millions digit of 516164088?
5
What is the hundred millions digit of 133090890?
1
What is the thousands digit of 32394031?
4
What is the hundreds digit of 6700184353?
3
What is the ten millions digit of 104975419?
0
What is the ten millions digit of 49559494?
4
What is the tens digit of 630336148?
4
What is the millions digit of 3722472979?
2
What is the ten millions digit of 50143990?
5
What is the ten millions digit of 222176645?
2
What is the hundreds digit of 30671708?
7
What is the hundreds digit of 23112867?
8
What is the tens digit of 867435313?
1
What is the ten millions digit of 953971268?
5
What is the ten thousands digit of 166984883?
8
What is the ten thousands digit of 211013685?
1
What is the tens digit of 98380298?
9
What is the billions digit of 2290921871?
2
What is the millions digit of 45205532?
5
What is the tens digit of 2403154407?
0
What is the thousands digit of 46217402?
7
What is the hundred thousands digit of 124427579?
4
What is the tens digit of 968599307?
0
What is the ten thousands digit of 1358110520?
1
What is the hundred thousands digit of 103077276?
0
What is the tens digit of 48969303?
0
What is the tens digit of 271636171?
7
What is the hundred millions digit of 3877265872?
8
What is the hundreds digit of 31574288?
2
What is the ten millions digit of 81414556?
8
What is the tens digit of 747165479?
7
What is the hundred thousands digit of 1580238458?
2
What is the units digit of 258756730?
0
What is the thousands digit of 37494228?
4
What is the millions digit of 33516046?
3
What is the ten millions digit of 6316038905?
1
What is the ten thousands digit of 265673643?
7
What is the ten thousands digit of 36582423?
8
What is the tens digit of 640382504?
0
What is the units digit of 1524695819?
9
What is the hundreds digit of 7115267?
2
What is the ten thousands digit of 34591239?
9
What is the ten millions digit of 746367902?
4
What is the ten millions digit of 4737418047?
3
What is the tens digit of 527437012?
1
What is the ten millions digit of 22213010?
2
What is the millions digit of 583015346?
3
What is the units digit of 490424214?
4
What is the hundred thousands digit of 500574640?
5
What is the ten millions digit of 30482709?
3
What is the hundred millions digit of 1872646098?
8
What is the tens digit of 5789099883?
8
What is the ten millions digit of 503088074?
0
What is the millions digit of 608299628?
8
What is the tens digit of 53061560?
6
What is the thousands digit of 18774009?
4
What is the ten thousands digit of 296807062?
0
What is the hundreds digit of 2922023757?
7
What is the millions digit of 3598126689?
8
What is the tens digit of 259999724?
2
What is the hundreds digit of 325727938?
9
What is the ten millions digit of 3245222816?
4
What is the units digit of 1338673245?
5
What is the ten millions digit of 1795445383?
9
What is the thousands digit of 361171341?
1
What is the millions digit of 3180013465?
0
What is the thousands digit of 1774592447?
2
What is the units digit of 508924595?
5
What is the units digit of 2426027840?
0
What is the tens digit of 40637679?
7
What is the hundred thousands digit of 831725960?
7
What is the tens digit of 280985530?
3
What is the ten thousands digit of 3176715154?
1
What is the ten millions digit of 34561012?
3
What is the thousands digit of 147993599?
3
What is the billions digit of 2595823817?
2
What is the ten thousands digit of 144825081?
2
What is the ten thousands digit of 304098476?
9
What is the hundred thousands digit of 99905855?
9
What is the hundred millions digit of 517679886?
5
What is the hundred thousands digit of 61869965?
8
What is the tens digit of 1583215324?
2
What is the units digit of 1146052875?
5
What is the thousands digit of 1907918048?
8
What is the hundreds digit of 1098906728?
7
What is the ten millions digit of 73324839?
7
What is the ten millions digit of 30374179?
3
What is the tens digit of 26895726?
2
What is the hundreds digit of 1446180454?
4
What is the hundred thousands digit of 5334979312?
9
What is the hundred millions digit of 1142978392?
1
What is the ten millions digit of 288450075?
8
What is the units digit of 565270545?
5
What is the millions digit of 6648982262?
8
What is the hundred millions digit of 287451676?
2
What is the millions digit of 66840299?
6
What is the hundred millions digit of 390019199?
3
What is the ten millions digit of 361343325?
6
What is the ten thousands digit of 66513695?
1
What is the hundred thousands digit of 2497399309?
3
What is the hundred millions digit of 174182398?
1
What is the ten thousands digit of 47483408?
8
What is the millions digit of 16490881?
6
What is the ten thousands digit of 41232927?
3
What is the millions digit of 91924897?
1
What is the thousands digit of 3462834650?
4
What is the thousands digit of 1414824593?
4
What is the millions digit of 120717897?
0
What is the hundreds digit of 618331239?
2
What is the tens digit of 238722305?
0
What is the ten millions digit of 59223893?
5
What is the hundred thousands digit of 32317663?
3
What is the units digit of 147643490?
0
What is the units digit of 46679936?
6
What is the ten thousands digit of 62913320?
1
What is the tens digit of 490684845?
4
What is the millions digit of 208495941?
8
What is the ten thousands digit of 38002124?
0
What is the units digit of 35830940?
0
What is the ten millions digit of 159933651?
5
What is the units digit of 302049875?
5
What is the tens digit of 453669038?
3
What is the units digit of 206312347?
7
What is the millions digit of 1427428784?
7
What is the ten millions digit of 2311247743?
1
What is the ten millions digit of 2800768216?
0
What is the ten thousands digit of 1900040075?
4
What is the units digit of 273050595?
5
What is the ten thousands digit of 1397210083?
1
What is the ten thousands digit of 780372523?
7
What is the hundred thousands digit of 30135500?
1
What is the hundreds digit of 32198024?
0
What is the ten thousands digit of 35348248?
4
What is the millions digit of 557229305?
7
What is the ten thousands digit of 4016702498?
0
What is the tens digit of 274396415?
1
What is the hundred thousands digit of 77822464?
8
What is the hundreds digit of 777360177?
1
What is the thousands digit of 647065699?
5
What is the thousands digit of 48786395?
6
What is the tens digit of 29162135?
3
What is the tens digit of 583701719?
1
What is the tens digit of 1469937904?
0
What is the tens digit of 1846031731?
3
What is the tens digit of 171172205?
0
What is the ten thousands digit of 1600580202?
8
What is the ten thousands digit of 1163436595?
3
What is the thousands digit of 56039273?
9
What is the units digit of 108204787?
7
What is the hundred thousands digit of 242285161?
2
What is the hundreds digit of 11345135?
1
What is the ten millions digit of 226386036?
2
What is the ten millions digit of 476230126?
7
What is the thousands digit of 602196897?
6
What is the ten thousands digit of 1475659599?
5
What is the millions digit of 4103306?
4
What is the hundred millions